rue
Does 145 divide 9013262?
False
Is 1671318 a multiple of 22?
True
Is 279848 a multiple of 87?
False
Is 13598953 a multiple of 108?
False
Is 1523683 a multiple of 191?
False
Is 927828 a multiple of 108?
True
Does 102 divide 5419213?
False
Is 2 a factor of 47580?
True
Does 125 divide 2410589?
False
Is 59 a factor of 222438?
False
Is 97 a factor of 9808140?
False
Is 216075 a multiple of 34?
False
Does 18 divide 2621390?
False
Is 1285879 a multiple of 7?
True
Does 115 divide 786255?
True
Is 17 a factor of 305405?
True
Does 1142 divide 6982188?
True
Does 447 divide 235655?
False
Is 3523784 a multiple of 184?
True
Does 61 divide 16028530?
False
Does 3 divide 258946?
False
Is 12 a factor of 140592?
True
Is 5932 a multiple of 277?
False
Does 8 divide 234535?
False
Is 313838 a multiple of 10?
False
Is 187266 a multiple of 59?
True
Is 44 a factor of 369239?
False
Does 7 divide 810523?
True
Is 38 a factor of 25500314?
False
Is 16664047 a multiple of 1231?
True
Does 262 divide 355162?
False
Is 92200 a multiple of 8?
True
Is 27 a factor of 232124?
False
Is 2535 a multiple of 2?
False
Is 21672 a multiple of 504?
True
Is 254 a factor of 168025?
False
Is 80052 a multiple of 42?
True
Does 149 divide 401866?
False
Does 10 divide 54099?
False
Is 15736100 a multiple of 354?
False
Is 1474323 a multiple of 69?
True
Is 82111 a multiple of 22?
False
Is 429735 a multiple of 27?
False
Is 15199 a multiple of 9?
False
Is 85 a factor of 300390?
True
Is 844601 a multiple of 91?
False
Is 2302272 a multiple of 21?
True
Does 372 divide 5785759?
False
Is 24 a factor of 10208116?
False
Is 223598 a multiple of 13?
False
Is 6734629 a multiple of 10?
False
Does 20 divide 4074754?
False
Is 7 a factor of 217806?
False
Is 12 a factor of 3304476?
True
Does 479 divide 886629?
True
Is 1281126 a multiple of 231?
True
Is 194579 a multiple of 262?
False
Does 37 divide 82226?
False
Is 8955 a multiple of 9?
True
Does 292 divide 962432?
True
Does 37 divide 559181?
True
Is 26728895 a multiple of 45?
False
Does 16 divide 99333?
False
Is 14 a factor of 2521218?
True
Is 107403 a multiple of 458?
False
Does 1182 divide 15239526?
True
Does 111 divide 118239?
False
Is 871575 a multiple of 25?
True
Does 34 divide 1181006?
False
Does 355 divide 696931?
False
Is 834 a factor of 1307870?
False
Does 11 divide 5372509?
False
Is 136240 a multiple of 131?
True
Is 83 a factor of 8967980?
False
Does 18 divide 1425438?
True
Is 1938996 a multiple of 9?
True
Does 816 divide 5180784?
True
Is 71 a factor of 362225?
False
Is 53 a factor of 2868517?
False
Is 943776 a multiple of 790?
False
Is 27 a factor of 983286?
True
Is 202821 a multiple of 93?
False
Is 26 a factor of 130198?
False
Is 423864 a multiple of 20?
False
Does 484 divide 4299856?
True
Does 4 divide 18400?
True
Is 273590 a multiple of 545?
True
Is 56670 a multiple of 33?
False
Is 3 a factor of 12038?
False
Is 94936 a multiple of 13?
False
Does 381 divide 1448562?
True
Does 5 divide 1998448?
False
Does 29 divide 1078587?
False
Is 16403 a multiple of 45?
False
Does 34 divide 8760?
False
Is 242694 a multiple of 9?
True
Does 46 divide 281382?
True
Is 6462793 a multiple of 19?
True
Does 14 divide 122346?
True
Is 7543641 a multiple of 7?
True
Is 21 a factor of 1087611?
True
Is 868375 a multiple of 5?
True
Does 13 divide 2591761?
False
Is 1315116 a multiple of 1353?
True
Is 30851677 a multiple of 65?
False
Is 1935178 a multiple of 94?
True
Is 17 a factor of 102108?
False
Is 19058944 a multiple of 116?
False
Does 176 divide 19436560?
True
Is 41 a factor of 11480?
True
Does 9 divide 927000?
True
Is 316647 a multiple of 201?
False
Does 176 divide 1087680?
True
Does 354 divide 8192268?
True
Does 431 divide 1047974?
False
Does 23 divide 276904?
False
Is 278 a factor of 917678?
True
Is 28 a factor of 1234968?
True
Does 4 divide 35547?
False
Is 110 a factor of 5498542?
False
Is 7 a factor of 366786?
True
Does 437 divide 42180?
False
Is 210 a factor of 2016339?
False
Is 362015 a multiple of 12?
False
Is 422632 a multiple of 86?
False
Is 2902467 a multiple of 724?
False
Is 409 a factor of 17790273?
True
Is 73 a factor of 1065451?
False
Is 938896 a multiple of 202?
True
Is 9 a factor of 170525?
False
Is 75192 a multiple of 156?
True
Is 7478 a multiple of 5?
False
Does 8 divide 7616?
True
Does 417 divide 3444992?
False
Is 766467 a multiple of 20?
False
Does 407 divide 266992?
True
Does 280 divide 1324120?
True
Does 12 divide 34891?
False
Does 36 divide 1890494?
False
Does 10 divide 89100?
True
Is 1709457 a multiple of 27?
False
Does 18 divide 1231200?
True
Is 262 a factor of 343744?
True
Is 253160 a multiple of 48?
False
Is 168 a factor of 1785840?
True
Is 15 a factor of 179055?
True
Does 68 divide 58162?
False
Is 1137854 a multiple of 11?
False
Is 24202772 a multiple of 233?
False
Does 23 divide 138038?
False
Is 1171940 a multiple of 133?
False
Is 87 a factor of 22478?
False
Does 158 divide 2115399?
False
Does 1197 divide 1380530?
False
Is 31726 a multiple of 174?
False
Is 181 a factor of 29567798?
True
Does 462 divide 103434?
False
Is 319640 a multiple of 33?
False
Is 88 a factor of 833646?
False
Is 51 a factor of 415391?
False
Is 12 a factor of 3747808?
False
Is 1364136 a multiple of 885?
False
Does 1424 divide 8460777?
False
Is 6114029 a multiple of 70?
False
Is 469737 a multiple of 9?
True
Is 340645 a multiple of 353?
True
Does 275 divide 566684?
False
Does 8 divide 2566224?
True
Is 1205968 a multiple of 10?
False
Does 155 divide 28076?
False
Is 138408 a multiple of 73?
True
Is 938052 a multiple of 21?
False
Is 21648 a multiple of 23?
False
Is 285 a factor of 2621281?
False
Does 36 divide 1791468?
True
Is 11 a factor of 160721?
True
Is 1980924 a multiple of 11?
True
Is 1768440 a multiple of 163?
False
Does 127 divide 414401?
True
Does 442 divide 1048419?
False
Is 137916 a multiple of 108?
True
Is 4689384 a multiple of 1442?
True
Does 18 divide 370100?
False
Is 470317 a multiple of 304?
False
Is 437 a factor of 525407?
False
Is 10 a factor of 1156310?
True
Is 487 a factor of 299018?
True
Is 18 a factor of 124092?
True
Is 12 a factor of 1032367?
False
Is 1346 a factor of 21313910?
True
Is 148561 a multiple of 63?
False
Is 360618 a multiple of 23?
False
Is 302552 a multiple of 9?
False
Is 250 a factor of 4062809?
False
Is 227962 a multiple of 195?
False
Does 49 divide 21462?
True
Is 193152 a multiple of 96?
True
Is 49917 a multiple of 21?
True
Is 1335152 a multiple of 208?
True
Is 2007312 a multiple of 57?
True
Is 111556 a multiple of 3?
False
Is 19 a factor of 229767?
True
Is 29 a factor of 657372?
True
Does 1354 divide 1661358?
True
Does 6 divide 61590?
True
Does 224 divide 460286?
False
Is 974 a factor of 23430545?
False
Does 63 divide 193977?
True
Is 16012 a multiple of 4?
True
Does 229 divide 6645809?
True
Does 17 divide 86722?
False
Does 131 divide 49672?
False
Does 117 divide 832411?
False
Is 3421724 a multiple of 208?
False
Is 1063551 a multiple of 22?
False
Is 190959 a multiple of 45?
False
Does 9 divide 46654?
False
Does 3 divide 87822?
True
Is 164 a factor of 4264?
True
Is 65 a factor of 158747?
False
Does 79 divide 3531118?
False
Is 552 a factor of 184920?
True
Is 48 a factor of 4069680?
True
Is 212 a factor of 565466?
False
Is 173 a factor of 522114?
True
Is 433512 a multiple of 648?
True
Does 33 divide 6981?
False
Does 39 divide 2488968?
False
Is 2 a factor of 543097?
False
Does 17 divide 717492?
False
Is 18 a factor of 11673072?
True
Does 62 divide 1278396?
False
Does 19 divide 17137?
False
Is 4 a factor of 89580?
True
Does 4 divide 2037704?
True
Is 83 a factor of 2265513?
False
Is 19 a factor of 150622?
False
Does 32 divide 1016832?
True
Does 58 divide 199012?
False
Is 474424 a multiple of 2?
True
Does 17 divide 31834?
False
Does 96 divide 89568?
True
Is 4296513 a multiple of 17?
False
Does 9 divide 113274?
True
Is 177312 even?
True
Is 47 a factor of 29645?
False
Does 6 divide 143137?
False
Is 8 a factor of 767266?
False
Does 212 divide 110028?
True
Is 272544 a multiple of 149?
False
Does 241 divide 3690433?
True
Is 1633719 a multiple of 18?
False
Is 98560 a multiple of 28?
True
Does 12 divide 45866096?
False
Does 8 divide 10296?
True
Does 103 divide 10022209?
True
Is 123 a factor of 3475857?
True
Does 11 divide 1102277?
True
Does 27 divide 14755